ose 0 = 3*b + 2*h - 7*h - 14, -2*b = 3*h - 3. What is the remainder when b/((-3)/(-23)) - 0 is divided by 8?
7
Let w be 6 - (-2 + -10)/(-4). Suppose -w*o = -67 + 1. Calculate the remainder when 41 is divided by o.
19
Let p(h) = h - 4. Let r be p(6). Suppose -t - t = -r. What is the remainder when t is divided by 1?
0
Let u be (-12)/(-9)*(-6)/(-4). Suppose -r + 33 = u*r. Calculate the remainder when r is divided by 6.
5
Suppose 3*r - 6*r = -l - 39, 3*r = -l + 33. What is the remainder when 33 is divided by r?
9
Suppose t - 8 = 5*t. Let y(z) = -4*z + 1. Let g be y(-3). Let d = g + t. Calculate the remainder when 20 is divided by d.
9
Suppose 0 = 3*b - 11 - 7. Calculate the remainder when 5 is divided by ((-2)/b)/((-9)/54).
1
Suppose 0 = 129*a - 126*a - 63. What is the remainder when 206 is divided by a?
17
Let w(y) = 2*y + 1. Let f(d) = -d - 1. Let v be f(-3). Suppose 3*k = 12, v*r + 8*k = 3*k + 26. What is the remainder when w(r) is divided by 3?
1
Suppose -3*h = -h. Let a(y) = -y**3 - y**2 + 13. What is the remainder when a(h) is divided by 7?
6
Let s(l) = l**2 - 2*l - 5. Suppose 2*f = 5*y + 13, -3*f + 5*f + 3*y = 5. Calculate the remainder when 8 is divided by s(f).
2
Suppose -12 = m - 4*m, 4*m = -5*h - 429. Let l = -58 - h. Let d = 0 + 8. Calculate the remainder when l is divided by d.
7
Suppose -9 = -z + 8. Calculate the remainder when z is divided by (-37)/(-6) - 2/(72/6).
5
Suppose -3*b = 5*l + 2, 7*b = 2*b + 2*l + 38. Calculate the remainder when 21 is divided by b.
3
Suppose -2*g + 5*g - 9 = 3*d, -3*g + d = -17. Let w = -9 - -5. Let x(c) = -c**3 - 2*c**2 + 4*c - 4. What is the remainder when x(w) is divided by g?
5
Suppose -4*d = j - 9*d + 25, 0 = 2*j + 2*d - 10. Suppose j*r + 4*r = 44. Calculate the remainder when 42 is divided by r.
9
Suppose -16*a - 30 = -19*a. Suppose -a*d = -15*d + 75. What is the remainder when d is divided by 6?
3
What is the remainder when 50 is divided by 31/62*(53 - -1)?
23
Let t(s) = 3*s**2 - 20*s - 6. Suppose -2*j + 13 = -1. Calculate the remainder when t(8) is divided by j.
5
Suppose 13 = p - 0. Suppose z + p = 42. What is the remainder when z is divided by (3 + -1)/((-2)/(-16))?
13
Let h = 51 - 9. Calculate the remainder when 123 is divided by h.
39
Suppose -2*q + q = 1. Calculate the remainder when (-3 - -8)*1/10*4 is divided by (q/2)/((-2)/8).
0
Let k be 9/3 + (5 - 42). Let v = k - -68. What is the remainder when v is divided by 9?
7
Let n(g) = 12*g**3 - g**2 + 3*g - 2. Let v = 4 + 3. What is the remainder when n(1) is divided by v?
5
Let z(g) = -2*g**3 - 6*g**2 - g + 2. Suppose 5*i + 6 = 2*r - 123, 203 = 4*r + i. Suppose -2*m = 2*m - r. What is the remainder when z(-4) is divided by m?
12
Let y(k) = -7*k - 3. Let q be (-1*(5 + -1))/2. Calculate the remainder when y(q) is divided by 7.
4
Let k = 3 - -9. Let y(j) = -j**2 + 70. Let a be y(0). Suppose 2*m + 0*m = a. What is the remainder when m is divided by k?
11
Let r(c) = c**3 - 5*c**2 + 7*c - 5. Let t be r(4). Suppose 0 = t*z - 2*z - 25. What is the remainder when z is divided by 1 - -2 - 3 - -2?
1
Let x = -61 - -93. Suppose 4*v + x = 4*k, -k + 0*v = -3*v - 2. What is the remainder when 21 is divided by k?
10
Suppose 2 - 12 = -2*k. Calculate the remainder when (-39)/(-26) - 31/(-2) is divided by k.
2
Suppose 26 = 4*m + 5*f, 5*m + 5 = -4*f + 33. Suppose -2*t - o = -64, 4*t - t = -m*o + 96. What is the remainder when t is divided by 17?
15
Suppose 2*n = -3*r + 4, -2*r + r = n - 2. Let w be -3*(n - 8/6). What is the remainder when 19 - (w - -1)*1 is divided by 11?
9
Let f(a) = 19*a + 1. Let s be f(3). Suppose 2*m = -8, 3*n - s = m - 3*m. Let p(t) = 3*t**2 - 4*t - 7. What is the remainder when n is divided by p(3)?
6
Suppose -2*u = -6*u + 8. Suppose 0 = -3*d + 4*d - 3. What is the remainder when d is divided by (-6 - -6) + u + 1?
0
Suppose -2*c + 0*c = -8. Let d = 6 + -2. Suppose -4*w - 11 = -4*z + 1, 0 = d*z + 4*w - 36. Calculate the remainder when z is divided by c.
2
Let d be -2*(-3)/((-12)/(-14)). Calculate the remainder when 75/d - (-8)/28 is divided by 6.
5
Let d be 15/6 - (-3)/(-6). Suppose 5*o - 63 = d*o. Let z = o - -2. Calculate the remainder when z is divided by 6.
5
Let t be 2 + 6/(-2) - -4. Let p(g) = t*g + 0*g - 2*g + 2. What is the remainder when 22 is divided by p(6)?
6
Let i = 29 - 19. Suppose p - 7 = -f, 26 - 1 = 4*p + 3*f. Calculate the remainder when i is divided by p.
2
Suppose -o = -n + 2, -2*n - 6*o - 2 = -2*o. Let p be 104 - n/(1/1). Let q = p + -67. What is the remainder when q is divided by 19?
17
Let r(i) = i**3 + 6*i**2 - i - 9. What is the remainder when r(-4) is divided by 15?
12
Let o(h) = 2*h**2 + 58*h + 23. What is the remainder when 134 is divided by o(-29)?
19
Suppose 10*n - 5*n = -445. What is the remainder when 63 is divided by n/(-4) - (-1)/(-4)?
19
Let l(u) = u - 2. What is the remainder when 23 is divided by l(8)?
5
Let g(b) = -b + 6. Calculate the remainder when g(0) is divided by 4.
2
Calculate the remainder when ((-102)/(-12))/(1/4) is divided by 19.
15
Let s(g) = g**2 + 19. What is the remainder when s(0) is divided by -1*2 + -1 + 10?
5
Let l be (-86)/(-18) - (-4)/18. Let y = -4 + l. Suppose -4*b + 5*b = y. Calculate the remainder when b is divided by 1.
0
Let l = -17 - -30. Let d = 30 - l. What is the remainder when 65 is divided by d?
14
Let i be ((-60)/(-14))/((-2)/(-14)). Let z = i + 17. What is the remainder when z is divided by 12?
11
Let t = 30 - -4. What is the remainder when t is divided by 12?
10
Let y(x) = -x**3 + 6*x**2 + x - 5. Let u be y(6). What is the remainder when u/(1/47) - 1 is divided by 16?
14
Suppose 4*p = -5*h - 6, 3*h - 4*h + 22 = -5*p. What is the remainder when 2 is divided by h?
0
Suppose -3*c = 3*q - 300, 3*c + 225 = 5*c - 3*q. What is the remainder when c is divided by 36?
33
Let h(n) = n**3 + 4*n**2 + 3. Let i be h(-4). Let c = i - -7. What is the remainder when 19 is divided by c?
9
Let r = -1 + 16. Let i = 12 + -8. Calculate the remainder when r is divided by (i/(-6))/(2/(-24)).
7
Calculate the remainder when 61 is divided by (24/(-8))/(3/(-13)).
9
Suppose 4*n = 3*d + 11, 4*d = 6 - 26. Calculate the remainder when 19 is divided by (26/4 + n)*2.
8
Let f(p) = p**3 - 3*p**2 - p - 2. Let t be f(3). Let w = 10 + t. Calculate the remainder when 9 is divided by w.
4
Suppose 1 + 15 = -4*t, 2*i - 10 = 4*t. Let x = i + 4. Calculate the remainder when (2/4)/((-3)/(-6)) is divided by x.
0
Suppose 0 = -k + 9 + 4. Suppose 0 = 4*s + 403 + 77. What is the remainder when 4/10*s/(-2) is divided by k?
11
Let z be 12/2 + (-3 - -2). Suppose 3*g - z*g + 3*s + 50 = 0, 74 = 3*g - 4*s. Calculate the remainder when g is divided by 6.
4
Let a(w) = -w**2 - 5*w + 2. Let k be a(-5). Let n be 60/8 - 1/k. Suppose -d - 1 - n = -5*b, -6 = -4*b + d. Calculate the remainder when b is divided by 2.
0
Suppose 4*k - 7 = 1. Suppose -19 - 5 = -k*q. Let n(w) = 7*w**2 + w - 1. What is the remainder when q is divided by n(1)?
5
Calculate the remainder when ((143 + -7)/(-4))/(2/(-2)) is divided by (-2)/5 - 62/(-5).
10
Let r = -23 - -40. Calculate the remainder when 50 is divided by r.
16
Suppose -5*o = -5*k - 0*k + 75, 0 = -5*k + o + 55. What is the remainder when 37 is divided by k?
7
Suppose 0 = 2*g - 6. Suppose 0 = 2*j + g*p - 50 + 1, 4*j - 4*p - 128 = 0. Calculate the remainder when j is divided by 16.
13
Suppose 4*i = 4*l + 5 + 7, -l - i + 3 = 0. Suppose -2*n - 8 = l, 0*n = -4*d - n + 76. What is the remainder when d is divided by 7?
6
Let j = -36 + 123. Calculate the remainder when j is divided by 30.
27
Suppose 0 = 8*p - 43 - 21. Let n(s) = -s**3 + 3*s**2 + 1. Let x be n(4). Let r = -1 - x. Calculate the remainder when r is divided by p.
6
Suppose 7*j = -7 + 28. What is the remainder when 12 is divided by j?
0
Suppose -5*h - 5*b + 40 = 0, -4*h - 5*b + 37 = -0*b. What is the remainder when 9 is divided by h?
0
Suppose o - 8 = -0*o. Calculate the remainder when 23 is divided by o.
7
Suppose -n = 6 - 30. What is the remainder when n is divided by 7?
3
Suppose -z - 1 = -3. Let a be -8*(3/2 - z). What is the remainder when 13 is divided by (-20)/(-5)*5/a?
3
Let z be -7 - ((-4)/(-2) - 4). Let x = z - -23. Suppose -b - 4*b = -260. What is the remainder when b is divided by x?
16
Suppose 2*y + 5*u = 428, 5*y - 1089 = -0*u